lculate the highest common divisor of 1008 and q.
56
Let u be (-1064)/(-140)*(-870)/(-12). Calculate the highest common factor of 38 and u.
19
Let g be -14*(-22)/66*(-396)/(-14). Calculate the highest common factor of 43692 and g.
132
Suppose -3*t + 444 = 1553*q - 1556*q, 3*t - 4*q - 446 = 0. Calculate the greatest common factor of t and 5183.
73
Let d be ((-81)/36)/((-1)/4). Suppose -125 = -d*o + 82. Calculate the highest common factor of 437 and o.
23
Let f be (-24)/78*(-39)/6. Suppose -f*n = g - 0*n - 23, 0 = -g + 3*n + 48. Calculate the highest common divisor of g and 22.
11
Suppose -4*k + 102 = -k. Let n = 4062 - 3739. What is the greatest common factor of n and k?
17
Let f(i) = 47*i**2 - 2*i + 6. Let q be f(-2). Suppose 42*v - 36*v - q = 0. What is the highest common divisor of v and 11?
11
Suppose -18*a - 26*a = -43*a - 294. What is the highest common factor of a and 3486?
42
Suppose 3*m - 2*n - 1807 = 0, 5*m - 3005 = 5*n - 0*n. Suppose -m*l = -613*l + 120. What is the highest common divisor of 1095 and l?
15
Let o = -43 + 52. Suppose 22 - o = u + 2*q, 3*u + q - 14 = 0. Suppose 0*w + 74 = 5*w - u*m, -5*m = 15. What is the greatest common divisor of 104 and w?
13
Let u be (-1552)/(-24) + (-11)/(132/(-16)). Calculate the greatest common divisor of u and 1936.
22
Let s = 205 - 194. Let c be 65*s/(330/24). Calculate the highest common factor of 130 and c.
26
Suppose 36*c = 157*c - 51546. What is the highest common divisor of c and 13703?
71
Let x(u) = 2*u**2 + 426*u + 5224. Let m be x(-12). What is the greatest common divisor of 19400 and m?
200
Suppose -t + 3258 = p, 2*p - 5*t - 1133 = 5425. Calculate the greatest common divisor of 306 and p.
102
Suppose -113*b = -7*b + 60*b - 2084462. What is the greatest common divisor of b and 29?
29
Let t(d) = 8*d**2 + 8*d + 2. Let w be t(6). Let v = -272 + w. What is the greatest common factor of 110 and v?
22
Let i = 148912 + -148812. Let f(n) = 6*n**2 + 3*n - 3. Let v be f(3). What is the highest common factor of i and v?
20
Let c(b) = 253*b - 7324. Let r be c(29). What is the highest common divisor of r and 195?
13
Suppose m - 3411 = -2*n + 463, 4*m - 3868 = -2*n. Calculate the highest common divisor of 51 and n.
51
Let c(m) = 18 - m**3 + 30*m + 9*m**2 - 52*m + 25*m. Let n be c(8). Calculate the highest common factor of n and 159.
53
Let t be (169560/3925)/(16/30 + (-1)/3). Calculate the highest common divisor of 1674 and t.
54
Suppose -6*g = -15*g + 90. Suppose -3*j - 18 = -2*d + 3*d, -j - g = -d. Let i(c) = -7*c - 38. Let f be i(j). What is the greatest common divisor of f and 11?
11
Let k be ((-8060)/16)/5 - 2/8. Let r = 136 + k. What is the greatest common divisor of 7 and r?
7
Let f = 190 + -99. Suppose 5*t + 3*c - 52 = 0, -11*c = 5*t - 12*c - 76. What is the highest common divisor of t and f?
7
Suppose -10*a = -12*a - 52. Let g be (-78)/4*(-28 - a). What is the highest common factor of 13 and g?
13
Suppose 5*r + 1584 = 2*c, -728*c - 3168 = -732*c + 6*r. What is the greatest common factor of c and 306?
18
Let a = -208 + 240. Let s be 2/(-5) - 5616/(-65). Let h be s - 6/3 - 4. What is the highest common factor of a and h?
16
Let s(a) = 822 - 200*a - 837 - 20*a. Let p be s(-2). What is the greatest common factor of 50 and p?
25
Suppose 4*n + 505 = -f, -f - 3*f = -4*n - 500. Let z = n + 161. Calculate the greatest common factor of z and 70.
35
Suppose 2*n = 0, -m - 5*n = -9*n - 192. Let b(h) = 73*h**2 - 3*h + 2. Let g be b(1). Calculate the highest common factor of m and g.
24
Suppose -53*l = -68*l + 37260. What is the greatest common factor of 184 and l?
92
Let w be 1/(((-15)/(-12))/5). Suppose l + 10 + 182 = w*m, -2*m - 5*l + 96 = 0. Let p be (2 + m)*4*(-1)/(-10). Calculate the greatest common divisor of 50 and p.
10
Suppose 6 + 30 = -6*o. Let x be (-5*o/15 - -91) + 3. Calculate the highest common factor of x and 3.
3
Suppose 388*d + 74633 = 495225. Calculate the greatest common divisor of 15989 and d.
271
Suppose 104 - 5 = r. Let a be (r/(-55))/(2/(-50)). Let b = -40 + a. What is the greatest common divisor of b and 10?
5
Suppose 5793 = 9*u - 19818 - 9705. Calculate the greatest common factor of 144 and u.
36
Suppose 44*x - 2*x - 26600 = -8*x. What is the highest common factor of 1 and x?
1
Suppose -129 + 27 = 17*a. Let g be (-3520)/30*9/a. What is the highest common divisor of g and 66?
22
Suppose -237*q + 245*q = 56. Suppose 7*y = -q + 3955. Calculate the greatest common factor of y and 24.
12
Let z = -1824 - -1835. What is the highest common divisor of 49 and z?
1
Suppose 12*j + 12 = 36. Suppose -2*h - 4*g = -226, 2*h + j*g = 4*g + 244. What is the greatest common divisor of 17 and h?
17
Let x(h) = -219*h - 1485. Let d be x(-7). Calculate the greatest common divisor of 22296 and d.
24
Let k(m) = 2*m**2 + 27*m - 22. Let q be k(-14). Let r = 19 - q. Suppose 183 - r = 6*a. Calculate the greatest common factor of 39 and a.
13
Suppose -4*u = -77 - 3. Let g(h) = 11*h + 13. Let r be g(-8). Let n be r/u*(-96)/9. What is the greatest common divisor of 20 and n?
20
Let c = -127 - -356. Suppose -c = 4*w - 677. What is the highest common factor of w and 28?
28
Let l(z) = -z**2 + 145*z + 5005. Let p be l(161). What is the highest common divisor of p and 105?
7
Suppose -z = 3*v - 0*z - 4, 2*z + 25 = 5*v. Suppose 0 = 3*u - 4*k - 115, -v*k - 6 = 6. Suppose u = -3*c + 6*c. Calculate the highest common divisor of 99 and c.
11
Let m = 989 + -1395. Let x = m + 432. Calculate the highest common divisor of 130 and x.
26
Suppose -3*d = -3*u + 36, 2*d = 5*u - 79 + 19. Suppose u*i - 440 = 2*i. Calculate the greatest common divisor of i and 66.
22
Let x be 3939/312 + 20/(-32). Calculate the highest common factor of 174 and x.
6
Suppose 0 = d + 4*x - 14, 0 = -x - 37 + 39. Calculate the highest common divisor of 6078 and d.
6
Let z(a) = 4*a**2 - 49*a + 339. Let w be z(13). What is the greatest common factor of 7 and w?
7
Let q(j) = 58*j + 461. Let l be q(-3). What is the greatest common divisor of l and 164?
41
Let n be 16/4*(-2494)/(-8). What is the greatest common factor of n and 87?
29
Suppose 0*v + 208 = 2*v. Let u(o) = -524*o**2 + 17*o + 18. Let m be u(-1). Let n = -510 - m. Calculate the highest common factor of v and n.
13
Let c(o) = -7*o**3 - 6*o - 5. Let y be c(-2). Suppose 59*m - y*m = -8. Let k be m/4*(15 + 7). What is the greatest common divisor of k and 33?
11
Let m = 645 + -281. Suppose 4230 = 16*o - 138. What is the highest common divisor of m and o?
91
Let u be ((-2526)/(-8))/((-24)/(-84)*105/1040). Calculate the highest common factor of u and 26.
26
Let z be ((-657)/18)/((-1156)/288 - -4). Calculate the highest common factor of 324 and z.
36
Let c(g) = -23*g - 1. Let k be c(-1). Let r be -8 + (-4 - -34)*-2. Let f be -6 + (61 - 1)*(-306)/r. What is the greatest common divisor of f and k?
22
Let k = 524 + -484. Suppose 4*z = r - 4 - 8, -4*z - 28 = -2*r. Calculate the highest common divisor of r and k.
8
Let r = -5 + 1. Let x be 1*126/(r/(-4)). Suppose 0 = -3*a + f + 41, -12*a + 4*f = -7*a - 66. What is the highest common divisor of x and a?
14
Let s(q) = -q**3 - 7*q**2 - 14*q - 9. Let a be s(-11). What is the greatest common factor of a and 17?
17
Let b = 78 - 70. Let x = b + 10. Suppose 13*r = x*r - 145. Calculate the greatest common factor of r and 232.
29
Suppose 6*b - 5*d = 2183, b - 4*d - 1452 = -3*b. Suppose -230 + 138 = -4*k. Calculate the highest common factor of k and b.
23
Let x(a) = -31*a - 55. Let q be x(23). Let r be (20/(-16))/(2/q). What is the greatest common divisor of r and 30?
30
Let b(h) = 65*h**3 + 2*h**2 + 20*h - 21. Let c be b(1). What is the greatest common factor of c and 6?
6
Suppose 2*r - r - 7 = 0. Let w = r + 8. Let v = -636 - -771. What is the highest common factor of v and w?
15
Let k(l) = -l**3 + 7*l**2 - 2*l + 14. Let o be k(7). Suppose 4*y + 165 = 5*y - 4*v, 5*y - 4*v - 809 = o. What is the highest common factor of 7 and y?
7
Suppose 5*p = 2*k - 3*k + 40, 5*k - 5*p - 320 = 0. Let z = 148 - k. Calculate the highest common divisor of z and 8.
8
Suppose 0 = -114*c + 118*c - 36, 2*g - 221 = -5*c. Let m = 0 + 2. Suppose 11 + 11 = m*q. What is the greatest common factor of q and g?
11
Suppose 5*l - 8 = -2*q + 6*l, -4*q + 3*l + 16 = 0. Suppose q*b = 5*b - 142. Suppose -7*